+ 2*h**3. Give s(-7).
0
Let u be (52 - 17 - 9) + -6. Let b(j) = -3*j + 62. What is b(u)?
2
Let w(n) = 11*n**2 + 12*n + 19. Let t be w(-2). Let d(f) = -45*f - t*f + 88*f + 2 + 7*f**2 - 4*f**3 + f**3 + 4*f**3. Give d(-6).
14
Suppose 2*d - 16 = 2*h + 12, 0 = -11*d + 3*h + 98. Let p(m) = -25*m + 41. Determine p(d).
-134
Let q(n) = -n**3 - n**2 + n - 1. Let d(y) = 4*y**2 - 962*y - 20 + y**3 - 4*y**2 + 954*y + 0*y**3 + 3*y**2. Let m be d(-2). Determine q(m).
-1
Let d = 10 - 18. Let q = d + 6. Let l(v) = 45*v**2 + v + 46*v**2 + 2 - 160*v**2 - 1 + 49*v**2 + 19*v**2. Give l(q).
-5
Let d(w) = 7*w**2 - 8*w**2 - 9*w - 2*w**2 + 0*w**2 - 12. Let u = -6 - -8. Let z(o) = o**2 + 1. Let i(f) = u*z(f) + d(f). Give i(-9).
-10
Let p(c) be the third derivative of c**6/40 - c**5/10 + c**4/8 - 54*c**2. Let t(m) = -13*m**3 + 25*m**2 - 11*m - 1. Let g(d) = -9*p(d) - 2*t(d). Determine g(4).
-18
Let n(j) be the first derivative of j**3 + 13*j**2 + 18*j - 783. What is n(-8)?
2
Suppose 3*w = 146 - 137, 12 = 3*t - 2*w. Let r(i) = i**2 - 4*i. Calculate r(t).
12
Let u(y) be the first derivative of 23*y**2/2 + 165*y - 3653. What is u(-7)?
4
Let u(w) = w**3 + 25*w**2 - w - 46. Let v = 11891 + -11916. Calculate u(v).
-21
Let w(s) = -3*s - 4*s**2 + 3*s + 3 - 6*s**2 + 4*s. Let d(k) = k**2. Let g(q) = 18*d(q) + 2*w(q). Let a = 214 + -208. Determine g(a).
-18
Let f(p) be the first derivative of 3*p**4/4 - 32*p**3/3 - 13*p**2 + p - 76. Let j(u) = -u**3 + 11*u**2 + 9*u. Let b(c) = 6*f(c) + 17*j(c). Determine b(5).
-9
Let u(o) be the third derivative of o**4/2 + 22*o**3/3 - 35*o**2 - 2*o. Calculate u(-4).
-4
Let s(l) = 5*l - 106. Let w be s(33). Suppose -20*g + 61 + w = 0. Let k(o) = o**2 - 3*o - 8. What is k(g)?
10
Let p(z) = -z + 10. Suppose 0 = s + 3 - 8, 3*s + 33 = -4*l. Let m be (-14)/(-3)*18/l. Give p(m).
17
Let t = 18 - 17. Suppose -5*n - 5*g + 15 = -3*g, 4*g = 2*n - 6. Let z(f) = -1 + 0 - 1 + f + n. Calculate z(t).
2
Let x = -272208 + 272199. Let m(o) be the first derivative of -o**2/2 + 4*o + 1. Calculate m(x).
13
Let p = 0 + -3. Let u(a) = 4*a + 7135 - 2386 - 2386 - 2359. Give u(p).
-8
Let s(z) = z**2 + 3*z - 43. Let y(t) = 3*t + 1. Let v be y(-3). What is s(v)?
-3
Let l be (-4 - 2)/(6/(-4)). Let a(b) be the third derivative of b**5/30 - 5*b**4/24 - b**3/2 - 3*b**2 - 525*b. What is a(l)?
9
Let f = -2049 + 2050. Let u(m) = -2*m**2 + m - 7*m**3 - 2 + 5*m**3 + 1 + m. Determine u(f).
-3
Suppose -3*k = k - 8. Let m(d) = -5 + 6 + 5*d - d**2 + 0*d**k. Suppose 2*p + 16 = 6*p. Give m(p).
5
Let q(d) = -6 + 141*d**2 - 13*d - 244*d**2 + 104*d**2. What is q(14)?
8
Let k(t) = 13*t**3 + 6*t - 7. Let r be (6 + -4)*-3*(-4)/24. Calculate k(r).
12
Let i(a) = a**2 - 3*a + 1. Let p be i(1). Let m(z) = -z**2 - z - 1. Let j(s) = 16*s - 3*s**2 - 6 - 7*s - 15*s. Let n(u) = 5*j(u) - 30*m(u). What is n(p)?
15
Let h(s) be the first derivative of -s**5/20 - 5*s**4/12 - 5*s**3/6 + 21*s + 14. Let o(u) be the first derivative of h(u). Calculate o(-4).
4
Suppose 8 = -111*s + 115*s. Suppose 0 = 7*p + s*p + 36. Let q(j) = -4 + 2*j + 3 + 2. Calculate q(p).
-7
Let f(o) = -23*o**3 - 4*o**2 - 25*o - 11. Let s(t) = -16*t**3 - 3*t**2 - 17*t - 8. Let a(p) = 9*f(p) - 13*s(p). Let j be -3 + (1 + -2 - 0). Determine a(j).
5
Let o(k) = -9*k + 55. Let z(d) = d - 6. Let i(n) = -o(n) - 2*z(n). What is i(6)?
-1
Let o(p) = p**3 - 3*p**2 - 3*p + 1. Let q be (1/(2/(-16)) - 4)*-4. Let a be 0 + 0 + 18/(q/8). What is o(a)?
-8
Let o(p) = -p + 1. Let t(s) = -3*s + 2*s - 17 - 8 + 27. Let g(i) = o(i) - 2*t(i). Determine g(-3).
-6
Let l(p) = -p**2 - 12*p - 11. Suppose 443 - 421 = -2*k. What is l(k)?
0
Let n(y) = 2*y + 5. Let x(u) = 2*u**2 + 5*u + 7. Let m(o) = o**3 + 7*o**2 + 9*o + 16. Let l be m(-6). Let h be x(l). Give n(h).
15
Suppose -77*z + 122 = -138*z. Let d(n) = -4*n**2 - n - 1. What is d(z)?
-15
Let q(t) be the first derivative of t**4/4 - 14*t**3/3 + 9*t**2/2 + 55*t + 2439. Determine q(13).
3
Let s(h) = h - 4. Let d(p) = -18*p**2 + 109*p - 4. Let y(b) = -d(b) + 3*s(b). Determine y(6).
4
Let g be -15*(-6)/15 - 6. Let k be ((-2)/(2 + g))/((-7)/63). Let s(x) = x**3 - 8*x**2 - 6*x - 4. Calculate s(k).
23
Let p(y) = -y**3 - 8*y**2 + 11*y - 13. Let h be (-72)/32*784/(-6). Let q = -303 + h. Calculate p(q).
-31
Suppose -d + 5*z - 361 = -5*d, 2*z = 4*d - 382. Suppose 3*m - 3*w + 22 = d, 5*w + 8 = m. Suppose -2*h = -6*h - m. Let b(v) = -v**2 - 6*v - 5. Determine b(h).
-12
Let i(x) = x + 4. Let l be (2/(-8))/((-7)/(-26 + -2)). Let q(m) = m - 1. Let b be q(l). Give i(b).
2
Let a(o) = -2*o**2 - 52*o - 351. Let z be a(-11). Let f(d) = d**3 + 21*d**2 + 3*d + 63. Give f(z).
0
Let q(u) be the first derivative of 2*u**2 - 21*u + 6267. Calculate q(24).
75
Let n(r) be the first derivative of 2*r**2 + 25*r + 324. Calculate n(-5).
5
Let v(t) = 2914*t - 8740. Let r be v(3). Let j(s) = 65*s + 3. Determine j(r).
133
Let k(d) = -2*d**3 - 40*d**2 + 44*d + 27. Let x(s) = 552*s + 531. Let i be x(-1). Give k(i).
-15
Suppose -22*r = 20*r - 57*r - 480. Let c(y) = 7*y + 213. Give c(r).
-11
Suppose 228*c = 240*c - 168. Let h(j) = 5 - j + c - 17 + 0*j. Determine h(6).
-4
Let s(f) = 3*f + 92. Let p(r) = -6*r - 161. Let m(n) = -4*p(n) - 7*s(n). What is m(-2)?
-6
Let v be ((-28)/(1*-2))/((-22)/(-11)). Suppose v*r - 8*r + 2 = 0. Let s(m) = 44*m + m**r + 4 - 47*m + 0. Give s(4).
8
Let m(q) = 49019*q - 49018*q + 27 + 18. What is m(-5)?
40
Let g(w) be the first derivative of w**4/4 + w**3/3 - w**2/2 + 36*w - 55. Let j(l) be the first derivative of g(l). Determine j(2).
15
Let a(o) = -3*o - 13. Let s = 23653 + -23643. Determine a(s).
-43
Let y(z) be the second derivative of -72*z - 1/6*z**3 + 5/2*z**2 + 0. Calculate y(12).
-7
Let x(q) be the second derivative of 1/360*q**6 + 3*q + 0 - 1/24*q**5 + 0*q**2 - 1/8*q**4 - 15/2*q**3. Let y(i) be the second derivative of x(i). Give y(5).
-3
Let k(b) = -b**3 - 6*b**2 + 9*b + 7. Let g be (6/(-9))/((-40)/(-420)). What is k(g)?
-7
Let d(o) = -3*o**3 - 14*o**2 - 3*o - 4. Let f(i) = -25*i**3 - 116*i**2 - 31*i - 32. Let j(x) = -17*d(x) + 2*f(x). Determine j(-5).
84
Let f(v) be the third derivative of 11*v**6/40 + v**5/20 + v**4/12 + 6135*v**2. Calculate f(-1).
-32
Let x(j) be the first derivative of -1/6*j**4 + 0*j + 1/120*j**6 + 14 - j**3 + 4*j**2 + 1/12*j**5. Let d(k) be the second derivative of x(k). Determine d(-5).
14
Suppose 0 = 16*a + 5185 + 2991. Let g = a + 515. Let z(b) = b**3 - 3*b**2 - 4*b + 5. Calculate z(g).
5
Let b be ((-6)/(-21))/(1*(-2)/(-14)). Let u(r) = r - 404 + 400 - b*r. Let i = 5 - 9. Determine u(i).
0
Let u(v) = -v**2 + 2*v - 4. Let h(f) = -20*f. Let a be h(0). Suppose a = 259*r - 247*r. What is u(r)?
-4
Let i(c) be the first derivative of -c**4/4 - 2*c**3 + 3*c**2 - 1012. Determine i(-6).
-36
Let x(z) be the second derivative of -3*z**3 + 8*z**2 - 5*z - 36. Determine x(-3).
70
Let c(l) = -2*l + 7. Let b = -64 - -129. Let z = b + -60. Calculate c(z).
-3
Suppose -154 = -65*d + 63*d. Let w = d + -86. Let p(o) = o + 9 - o + 2*o. Give p(w).
-9
Let m(f) be the second derivative of 17*f**3/2 + 156*f**2 + 5451*f. Determine m(-6).
6
Let m be (-3)/6*-10 - 1. Let h(t) = 30*t - 1. Let c(q) = -153*q + 6. Let a(i) = c(i) + 5*h(i). Give a(m).
-11
Let p(g) = -g - 6. Let s(z) = 46 - 76 + 11*z**2 - z**3 + 41 + 29*z. Let h be s(13). Suppose -t - h = 4*t - 3*j, 48 = -4*t + 4*j. What is p(t)?
1
Let r(p) = 10*p. Let s = -195 - -202. Suppose o + 4*o = 3*x - s, 3*x + 3*o = -9. Give r(x).
-10
Let y(q) = -79*q - 6. Let o(t) = 210*t + 18. Let h(m) = 3*o(m) + 8*y(m). Determine h(15).
-24
Suppose -64 = 4*z + o, 4*z - 21*o = -17*o - 64. Let j(f) = -f + 11. What is j(z)?
27
Let r = -69 + 63. Let i(g) = 4*g - g + g**3 + 6*g**2 + 6 - 3*g. Let d(p) = 2*p**3 + 12*p**2 + 12. Let x(m) = r*d(m) + 11*i(m). Calculate x(-6).
-6
Let n(s) = -31*s**2 - 12*s + 27. Let o(g) = -37*g**2 - 13*g + 32. Let k(c) = -6*n(c) + 5*o(c). Suppose -1 = 3*a + 2. Let j be a*(3 - 2)*5. What is k(j)?
-12
Let n(r) = r**3 - 2*r**2 - 4*r + 3. Suppose -18 = -5*v + 2. Suppose -3*z = -v*j - 16, -z + 5*z = 5*j + 23. Let m be ((-2)/(-16))/((-1)/(-2))*z. Determine n(m).
0
Suppose 3*k - 11 = 7. Let v(j) = 13*j**2 + 23*j + 101. Let g(x) = 7*x**2 + 13*x + 56. Let o(p) = 11*g(p) - 6*v(p). Give o(k).
4
Suppose -69*t + 41*t = -231*t - 609. Let p(o) = 6*o**3 + o**2 - 3*o + 2. Calcul